-7
Let w(a) = a**3 + 9*a**2 + 8*a + 3. Let l be w(-8). Suppose 4*u = 4, -l*u = -2*p - 0*u + 7. Let q(y) = -y + 5. What is q(p)?
0
Let x(b) = b**2 + 4*b - 1. Let y(k) = -k**2 - 6*k - 2. Let t be y(-5). Suppose 12 = t*h - 6. Let m = 1 - h. Give x(m).
4
Let d(t) = 4*t - 1. Let u be -4 + 4 - -3 - 6. Give d(u).
-13
Let j(r) = -2*r**2 - 16. Let g(t) = 16 + 7*t**2 + 8 - 3*t**2 - t**2. Let m(z) = 5*g(z) + 7*j(z). Calculate m(0).
8
Suppose -3*d - 5*g - 28 = -0*d, -25 = 5*g. Let l(o) = 11*o**2 - 2*o - 1. Give l(d).
12
Suppose a = -2*a + 12. Suppose -5*r + r = -k - 18, -2*k + 12 = a*r. Suppose 4*i + 20 = 0, -i - 8 = -r*b + 9. Let y(w) = 3*w - 1. What is y(b)?
8
Let h(w) = w**2 - 4*w - 7. Let k = -4 - -6. Suppose -4*d + k*d - u - 14 = 0, d = 4*u + 11. Let p(r) = -r**3 - 5*r**2 + 5. Let z be p(d). Determine h(z).
-2
Let b(r) = -3*r - 2. Let c be b(-2). Let q(s) = 4 - 3*s**3 - 3*s**2 - s**2 + c*s**3. Let l be 6/4*(6 + (-60)/18). Calculate q(l).
4
Let d(l) = -l**3 - 8*l**2 - 8*l - 7. Let t be d(-7). Suppose 0*v + v + 5 = t. Let x(h) = -1 + 0*h + 0*h + h. What is x(v)?
-6
Let w(n) = -2*n + 2. Suppose 3*y = 4*s - 14 + 38, 2*s = 4*y - 22. Suppose -5*v = -29 + y. Let b(x) = -x + 2. Let d be b(v). Determine w(d).
8
Let w(b) be the third derivative of -b**9/5040 - b**8/20160 - b**7/2520 - b**6/720 - b**5/10 + 7*b**2. Let l(t) be the third derivative of w(t). Give l(-1).
12
Suppose -8*f = -5*f + 12. Let q(d) = -d**2 - 6*d - 4. Calculate q(f).
4
Let s(r) = -r + 3*r**2 + 0*r**2 + r**3 - 2*r**2 + 2. Let b(z) = -z - 3. Let h be b(-5). Suppose h*v = -6 + 2. Determine s(v).
0
Suppose -4*q - 3*k = -26, -5*q - k = -4*k - 19. Let s(g) = -13*g**2 + 19*g + 8. Let j(n) = 7*n**2 - 10*n - 4. Let h(l) = 11*j(l) + 6*s(l). Determine h(q).
-1
Let c(q) = 5*q + 2 - q**2 + 2 + 2*q**2. Give c(-5).
4
Let m(n) be the third derivative of n**6/120 - n**5/12 + 5*n**4/24 - n**3/2 - 4*n**2. Give m(3).
-6
Let d = 6 + -5. Let j be d - ((4 - 6) + 0). Let o(u) = u - 4. Give o(j).
-1
Let t(s) = -s**2 + 2*s. Let w be t(4). Let f be 4/(-3)*(-12)/w. Let d(k) = -k**3 + k - 2. Give d(f).
4
Let z(w) = w**3 - w**2 - 3*w - 4. Let x be z(3). Let n(h) = -2 - 1 + 10*h - x*h + 2*h. Determine n(2).
11
Let x = -1 - 0. Let o be (0/x)/(0 - 3). Suppose 2*g = -o - 2. Let z(c) = -6*c**3 - c**2 + 1. What is z(g)?
6
Let n(z) = 3*z**2 - 4*z + 4. Let f(k) = -2*k + 3. Let w be f(4). Let c(b) = b**2 - b + 1. Let d(v) = w*c(v) + n(v). Determine d(1).
-2
Let r(i) = -i**2 + 5*i + 1. Let a(n) = -6*n. Let y be a(-1). Determine r(y).
-5
Let r(h) be the first derivative of h**6/120 - h**5/10 + 7*h**4/24 - 7*h**3/6 - 3*h**2/2 + 4. Let l(g) be the second derivative of r(g). Give l(5).
3
Let t(b) = -b - 4 - 9 + 4. Calculate t(0).
-9
Let i(w) = w**2 + 1. Let n(k) = 2*k**2 - 6*k + 4. Let r(p) = -i(p) + n(p). Let z = -3 - -6. Calculate r(z).
-6
Let x(h) = 7*h**2 + h - 4. Let a(o) = 8*o**2 + o - 5. Let s(i) = -3*a(i) + 4*x(i). Let y(n) = -n + 10. Let d be y(9). Let z be 0/(d + -3) + 1. Calculate s(z).
4
Let y be ((-4)/(-2))/(1/1). Let q(m) = -4*m**y + m**3 - 2 - m**2 + 0*m**2 - 5*m. Let o(v) = -2*v**3 + 11*v**2 + 11*v + 3. Let g(t) = 2*o(t) + 5*q(t). Give g(4).
0
Let a(y) = y**3 - 6*y**2 - 2*y. Let k(q) = 2*q**2 - 30*q - 26. Let p be k(16). Give a(p).
-12
Suppose 4*w + i = -1, -4*w + 1 = -2*w + i. Suppose 0 = -4*j + 3 + 5. Let v(o) = -8*o**3 + 5 + o - 6 + j. Give v(w).
8
Suppose 0 = -x - 3*x - 20. Let w = x + 11. Let r(a) = a**2 - 5*a - 3. Determine r(w).
3
Let u(q) be the first derivative of -4*q**3/3 + q - 1. Suppose 0 = -6*i + 67 + 71. Let l = i - 22. Determine u(l).
-3
Let u(l) = -l**2 - 8*l - 6. Let g(w) be the second derivative of 7*w**5/20 + w**4/6 + w**3/6 + 4*w. Let z be g(-1). Determine u(z).
6
Let t(n) = -n - 3. Suppose 4 = 2*r + p, -2*p = -r - 5*p + 12. Determine t(r).
-3
Let q be 148/18 - 8/36. Let y(f) = -f**3 + 7*f**2 + 9*f - 5. Calculate y(q).
3
Let w(p) = p**3 - 4*p**2 + 2*p - 2. Let j be ((-32)/(-20))/((-2)/(-5)). Suppose -j*d = -7*d + 12. What is w(d)?
6
Suppose 0 = 4*h + 5*i + 23, -h - 7 = h + i. Let s = 2 + h. Let o(t) = 10 + 0 - 11 + 11 - t. Determine o(s).
10
Suppose 0 = -4*r - r - 20. Let l(m) = -2 + 5*m + 2 + 6 - 6*m**2. Let g(h) = 5*h**2 - 4*h - 5. Let j(n) = r*l(n) - 5*g(n). What is j(1)?
0
Let x(p) = 9*p**2 + 2*p + 1. Let l(u) = -u**2. Let r = -5 - -3. Let t(h) = r*l(h) - x(h). Let m(f) = f - 4. Let w be m(3). Calculate t(w).
-6
Let i(o) = 7*o - 1. Let m = 2 + 11. Suppose 9*h - 5 = 4*h - k, 4*h - k - m = 0. Calculate i(h).
13
Let d be 3/(-3) + 1*-2. Let t = -2 - d. Let h(c) = 1 - 9*c**3 + 13*c - 13*c. Calculate h(t).
-8
Let l(d) = d**2 - 26 + 11 + 18 - 3*d. Let x be (4/10)/(1/5). Determine l(x).
1
Let h = 6 - 4. Let z(p) = p**2 - 2. Let y be z(h). Let f(b) = 6 - 4*b + 7*b - y*b. Determine f(-5).
1
Suppose -5 + 1 = -2*p. Let i(g) = p*g**2 - 3 + 1 - 3*g - g**2. Let m = 0 - -3. Give i(m).
-2
Let i be (-1 + 0)*(-4)/(4/(-5)). Let t(a) = a + 6. Calculate t(i).
1
Suppose -6*z - 28 = -4*z. Let k be 2/z - (-45)/21. Let l(c) = -c**3 + 2*c**2 - 3*c + 1. Give l(k).
-5
Let y be 1/2 - (-6)/4. Suppose z + 1 = -g + 4, -4*g + 24 = -y*z. Let h(m) be the first derivative of m**4/4 - 2*m**3 + 3*m**2 - 2*m + 1. Calculate h(g).
3
Let u(z) be the second derivative of -z**4/12 + z**3/6 - z**2/2 + 3*z. Suppose 3*p = 2*p. Give u(p).
-1
Let m(k) = -5*k - 7. Let v(d) = 2*d + 2. Let p(q) = 2*m(q) + 7*v(q). Let f = -5 + 7. Determine p(f).
8
Let c(i) = i**2 - 3*i - 3. Let d = 0 - -2. Let b(v) = -2 + 3 - v - d*v. Let x be b(-1). Determine c(x).
1
Let a(k) = -k**3 - 15*k**2 - 14. Let u be a(-15). Let r = -16 - u. Let j(v) = v**3 + v + 1. Give j(r).
-9
Let j(d) = -d + 1 + 3*d + 3*d. Let s be (-11)/(-2) - 6/12. Suppose g - v = 0, -v = -g + s*g + 5. Calculate j(g).
-4
Suppose 7 = 2*x + 3. Suppose x*g = -g. Let a(j) = 2*j - 1. Let d(n) = -n. Let y(c) = -2*a(c) - 3*d(c). Calculate y(g).
2
Suppose 0*n - 12 = 2*n. Let m be (-3*1)/(9/n). Let h(b) = m + b - 4*b + 2*b. Calculate h(3).
-1
Let o(s) = -3*s**2 - 7*s - 3. Let b be 30/9 + (-2)/(-3). Suppose 5 = -d - 0*d. Let y(n) = -4*n**2 - 8*n - 3. Let u(q) = b*y(q) + d*o(q). Calculate u(3).
3
Let l(o) = o + 3. Let t = -14 - -8. Calculate l(t).
-3
Let q(k) = 3*k**3 + 10*k**2 - 7*k - 3. Let w(a) = 2*a**3 + 7*a**2 - 5*a - 2. Let s(v) = -5*q(v) + 7*w(v). Give s(-2).
5
Let q(g) = -g**2 - 1. Let k(i) = -2*i**3 - i**2 + 2*i + 1. Let r(b) = k(b) + q(b). Calculate r(-2).
4
Let o(p) = -3 - p**2 + 2*p**3 - 3*p**3 + 7*p**2 + 0 + 7*p. What is o(7)?
-3
Let l = 16 + 2. Let m = -17 + l. Let o(v) = -6*v**2. What is o(m)?
-6
Let u(h) be the third derivative of h**5/30 + h**4/24 + h**3/6 + 9*h**2. What is u(-1)?
2
Let l(z) = -z**3 + 4*z**2 + 3*z + 6. Let y be -1*(6*-1 + 4). Let f be (20/6)/(6/9). Suppose -4*j - f = -w, j + 15 = 3*w + y*j. Calculate l(w).
-4
Let b be (-215)/45 - (33/27 - 1). Let r(y) = y. What is r(b)?
-5
Let r = -58 - -38. Let d = -20 - r. Let i(j) = -j**2 - j + 4. Determine i(d).
4
Let x(r) = -5*r + 1. Let k = -44 + 72. Let o be ((-6)/12)/(2/(-20)). Suppose t = 5*b - 21, 3*t - 5*b = o - k. What is x(t)?
6
Suppose 2*w = -4 + 26. Let l = 9 - w. Let d(z) = -2*z. Calculate d(l).
4
Let b(k) = -3*k**3 - 14*k**2 + 15*k - 21. Let u(i) = -2*i**3 - 7*i**2 + 8*i - 11. Let y(g) = -3*b(g) + 5*u(g). What is y(6)?
14
Let s(o) = o**3 - 5*o**2 + 3*o. Let m(h) = 2*h**2 - 10*h + 13. Let g be m(4). Give s(g).
15
Let b(r) be the third derivative of -r**4/6 - r**3/6 + 4*r**2. Determine b(1).
-5
Suppose -3*g - 32 = -5*p, -14 = -4*p + 4*g + 18. Suppose p = -l + 5. Let i(b) = 5*b**3 - 2*b + 1. Calculate i(l).
4
Let s be 3/(-18)*-4*-3. Let d(m) be the first derivative of -3*m - 1/2*m**2 + 2. What is d(s)?
-1
Let k(w) be the first derivative of -3 + 0*w - 1/4*w**4 + 1/3*w**3 + 0*w**2. What is k(-1)?
2
Let j(u) = 2*u + 3*u + 3 - 4*u**2 - 2 - 7*u. Let o(w) = -3*w**2 - 3*w + 2. Let d(i) = -2*j(i) + 3*o(i). Calculate d(-5).
4
Let j(f) be the second derivative of 0 - f - 1/12*f**4 - 3*f**2 + 1/6*f**3. Let h = 5 + -5. Give j(h).
-6
Suppose -t + 5 = -2. Let j = -2 + t. Let u(q) = q**2 - 4*q + 1. Calculate u(j).
6
Let u(m) = m**2 + 4*m - 3. Suppose 4*x - 7 = -27. Determine u(x).
2
Suppose 2*h - 10 = 0, 3*p - 12 = -8*h + 5*h. Let z(n) = 2*n**2 - 1. What is z(p)?
1
Let a(d) = -d**2 + 5*d - 4. Let h be a(3). Suppose 3 = -h*y + 1. Let j(t